 + t - 2 - 0?
3, 41
Suppose -15*v + 237 = 57. Suppose -m = -v*m + 2750. Suppose -3*p + 223 = -2*q + 728, q - m = -p. What are the prime factors of q?
251
Suppose -5*l = -5*s + 60, 0*s = 3*l + 3*s + 60. What are the prime factors of (-12)/l + 2474/8?
2, 5, 31
Let b = 14 + -10. Suppose 2*w - 2288 = -c, -505 = 5*w - b*c - 6251. What are the prime factors of w?
2, 3, 191
Suppose -2*k + 170937 = 5*h + 48498, 0 = 3*k - h - 183650. List the prime factors of k.
13, 17, 277
Let h be 1/(2*(3 - 35/10)). Let r(d) = 651*d**2 - 4*d - 2. What are the prime factors of r(h)?
653
Suppose 67*n = 80*n - 106093. List the prime factors of n.
8161
Let f(r) = 4*r + 23. Let t be f(-5). Let j(p) = 3*p + 16 + 12*p - 3*p - t*p. List the prime factors of j(8).
2, 11
Suppose -5*z + 3*t + 64 = -39, 0 = -2*z - 5*t + 35. Let o be ((-10)/z)/((-2)/(-20)). What are the prime factors of ((-56)/(-20) - 3) + (-401)/o?
2, 5
Let r(z) = -z**3 + 2*z + 407. Suppose 7*w = 8*w. List the prime factors of r(w).
11, 37
Suppose -9*d + 12*d - 6 = 0. Let s be (d - 1) + 3/1. Suppose -5*i = -s*f + 361, 3*f - 2*i - 215 = 47. List the prime factors of f.
2, 3, 7
Let f = -103 + 71. Let i = 93 + f. List the prime factors of i.
61
Suppose r + 5982 = 3*f, -5338 = -4*f + 4*r + 2630. What are the prime factors of f?
3, 5, 7, 19
Let t(p) = -p**3 + 59*p**2 - 126*p + 169. What are the prime factors of t(55)?
19, 281
Let d(b) = -5*b**3 - 8 + 4*b**3 + 0*b**3 - 10*b**2 + 2*b**3 + 5*b. Suppose -z + 35 = -5*w, -5*z + 4 + 36 = 2*w. What are the prime factors of d(z)?
2, 3, 7
What are the prime factors of (142488/(-45))/(20/(-50))?
2, 1979
Let m(w) = -7*w - 34. Let l(n) = 3*n + 16. Let o(f) = -5*l(f) - 2*m(f). Let q be o(-4). What are the prime factors of 15*2*-3*q/15?
2, 3
Let d(m) = m**2 - 23. Let z be d(6). Suppose 17*a = z*a + 3*u + 777, 0 = 4*u - 4. List the prime factors of a.
3, 5, 13
Let a = 711 - 733. Let s(h) be the second derivative of -h**4/12 - 14*h**3/3 - 19*h**2/2 + 3*h. What are the prime factors of s(a)?
113
Let l(k) be the third derivative of 30*k**2 + 1/30*k**5 - 1/12*k**4 + 0 - 1/3*k**3 + 0*k - 2/15*k**6. What are the prime factors of l(-2)?
2, 3, 23
What are the prime factors of (86/4)/((-58)/(-17400))?
2, 3, 5, 43
Suppose -9*b + 10444 + 4343 = 0. What are the prime factors of -15 + 17 + 4 + (b - 0)?
17, 97
Let v be (1 + 3 + -3)/((-1)/(-27)). Suppose v + 22 = -f. Let k = f - -149. What are the prime factors of k?
2, 5
Let d(n) = -2 + 28*n + 47 - 28. Let s be d(9). Suppose 0 = -5*o - 2*u + 405, -5*o = 4*u - 126 - s. List the prime factors of o.
83
Let i(z) = 37492*z**3 - 6*z**2 + 5*z + 1. List the prime factors of i(1).
2, 7, 13, 103
Let c(q) be the first derivative of -q**4/4 + 7*q**3/3 + 4*q**2 - q + 40. List the prime factors of c(6).
83
Suppose x = 3*o - 0*x - 11, 0 = -2*o - 3*x - 11. Let k be (-246)/8*192/(-36). Suppose -k = -0*y - y - 5*w, -3*y + 531 = o*w. What are the prime factors of y?
179
Suppose -4*j = -1013 - 163. Suppose 9*w = -130 + 148. Suppose j = o + w*o. What are the prime factors of o?
2, 7
Let x(l) = -l**2 + 22*l - 18. Let w be x(21). Suppose -w*r = -6*r - 4*o + 1436, 3*o + 1422 = 3*r. List the prime factors of r.
2, 7, 17
Suppose 4*k = 4, 2*s - 4*k - 10 - 14 = 0. Let r = s + -14. Suppose 5*m + r*m - 545 = 0. List the prime factors of m.
109
Let b = 1978 - 944. Suppose 12*k - b = 1630. List the prime factors of k.
2, 3, 37
Suppose -2*w - 5689 = -3*k, -3*k = 112*w - 109*w - 5709. What are the prime factors of k?
3, 211
Suppose -8*i - 20 = 64 - 508. Let g = -20 + -1. Let a = g + i. List the prime factors of a.
2
Suppose 3*y = 2*y + 5*g + 36, 5*y - 4*g - 75 = 0. Suppose -a + y = -153. What are the prime factors of a?
2, 41
Let z(x) = 26*x - 56. Let w be z(2). What are the prime factors of 40/w*606/(-12)?
5, 101
Let n(b) = b**2 + 3*b + 33. Let g be n(0). Suppose -p = 5*y + g - 10, 2*y = 2*p - 14. Suppose p*w - 104 = 12. List the prime factors of w.
2, 29
Let o = -3327 - -9819. List the prime factors of o.
2, 3, 541
Let u(x) = -3*x**3 + 11*x**2 - 7*x - 5. Let g be u(6). Let c = -175 - g. What are the prime factors of c?
2, 31
Suppose 0 = -12*t + 9*t + 15. List the prime factors of -6 + t + 285/3.
2, 47
Let z = 316 + -310. What are the prime factors of 501 - (1 - -5) - z?
3, 163
Let y = 918 - 884. Suppose -4*k + 4354 = 5*h, -35*h = -k - y*h + 1093. List the prime factors of k.
1091
Suppose 13*y = -2120 - 15183. Let b = 2587 + y. What are the prime factors of b?
2, 157
Let b be (-16)/(-24) + 2/(-12)*-26. What are the prime factors of (-38)/3*(b - 80)?
2, 5, 19
Let q be (6/(-4))/(252/1344). Let t(d) = -2*d + d + 3*d**2 + 8*d - 5. What are the prime factors of t(q)?
131
Let m(a) = 3*a**2 - 40*a + 1. Let p be 6/(30/125) + 0. List the prime factors of m(p).
2, 3, 73
Suppose -5*v + 4*t + 120849 = -110974, -5*t = -v + 46373. List the prime factors of v.
71, 653
Let i be ((-65)/78)/(1/(-6)). Suppose -a - 3*c = -704, -6*a + i*a + 2*c + 704 = 0. What are the prime factors of a?
2, 11
Let s(m) = m**2 + 16*m - 16. Suppose 5*f = j - 3*j - 89, 5*f - 2*j = -81. Let p be s(f). List the prime factors of p/7*93 - 10/35.
13
Suppose 4*v + 4*u - u + 1365 = 0, 0 = 4*v + 5*u + 1355. Let i = 502 + v. Let j = -40 + i. List the prime factors of j.
3, 13
Let w = -6590 + 9324. List the prime factors of w.
2, 1367
Suppose -5*d - 5 - 24 = -3*n, -20 = 2*d + 3*n. Let t(a) = -6*a - 38. Let l be t(d). Suppose -2*x = l - 0, -5*i - 5*x = -565. What are the prime factors of i?
5, 23
Let p(g) be the second derivative of g**3/2 - 13*g**2/2 - 3*g. Let t be p(6). Suppose 2*r - t*a = 129, 20 = -2*r - a + 167. What are the prime factors of r?
2, 3
Let x = 1 - 1. Suppose -5*a + l = -4*a - 130, l = -a + 122. Suppose c + 43 - a = x. List the prime factors of c.
83
Suppose -4*k + 2*q = q + 61, 5*k + 3*q + 89 = 0. Let y be 2/((k/24)/((-5)/(-3))). List the prime factors of (-70)/(-28)*(-244)/y.
2, 61
Suppose 4*i + 5 = -d, -2*i - 6*d = -d + 25. Suppose -36*f + 41*f = i. Suppose -3*s + f*j + 609 = -3*j, -s - 5*j + 173 = 0. What are the prime factors of s?
2, 3, 11
Suppose 560 = -5*t - x, 3*x = -5*t - x - 575. Suppose 87*r + 5573 = -256. Let g = r - t. What are the prime factors of g?
2, 11
Let t(s) = -s**2 - 3*s + 38. Let u be t(-7). What are the prime factors of (u - -2)*((-275)/(-3) - 2)?
2, 269
Suppose 0 = -140*h + 150*h - 7020. Suppose 2108 + h = 2*w - 2*b, -2*b = 2*w - 2806. List the prime factors of w.
2, 3, 13
Suppose 4*x = 6 + 6. Suppose 3*r - 33 = -m + 157, -4*m - 3*r + 742 = 0. Suppose 5*l - m = o, -2*o - x = 5. What are the prime factors of l?
2, 3
Let j = 335 - -680. List the prime factors of j.
5, 7, 29
What are the prime factors of (-36030)/(-63) + (-1341)/(-189) + -7?
2, 11, 13
Let z(v) = 110*v**2 + 372*v + 3313. List the prime factors of z(-9).
5, 71
Suppose 0 = -135*m + 136*m - 4*z - 246, 2*m + z - 447 = 0. List the prime factors of m.
2, 113
Suppose -22*t + 29*t = 35. Suppose 0 = m + t*f + 10, 3*m + 4*f - 3*f + 2 = 0. Suppose m = 3*j + 4 - 1, 422 = 2*q - 4*j. What are the prime factors of q?
11, 19
Suppose -1284 = -4*l + 2*p, 2*l = 5*l - p - 965. Let k = 104 + l. List the prime factors of k.
7, 61
Let k = -4525 + 7775. What are the prime factors of k?
2, 5, 13
Let n(q) = 15*q**2 + 71*q + 2407. List the prime factors of n(-54).
17, 19, 131
Suppose 5*x = 5*t + 46155, -11134 - 25792 = -4*x + 2*t. List the prime factors of x.
2, 577
Let g(v) = 562*v**2 - 12*v - 20. What are the prime factors of g(6)?
2, 5, 19, 53
Suppose 86*d + 23*d + 31*d = 838600. What are the prime factors of d?
2, 5, 599
Suppose -f - 6 = -11. Suppose -j + 4*d = -19 - 364, f*j - 3*d - 1983 = 0. What are the prime factors of j?
3, 7, 19
Suppose 137*y - 12*y = 171375. What are the prime factors of y?
3, 457
List the prime factors of (-30)/(-6) - (-1756*3)/1.
5273
Suppose 20390*z = 20380*z + 360230. What are the prime factors of z?
13, 17, 163
Suppose -4*j = 5*o - 407, -3*o + 515 = 5*j + 2*o. Suppose 6*p - 708 = -j. List the prime factors of p.
2, 5
Let c(y) = 43*y**3 - 88*y - 94. List the prime factors of c(9).
83, 367
Suppose 0 = 3*k - 4*v + 6*v - 520, -343 = -2*k - 5*v. Suppose -181*i = -k*i - 1386. List the prime factors of i.
2, 3, 11
Let z(f) = 1572*f**2 + 33*f + 34. What are the prime factors of z(-1)?
11, 13
Let p = -5 + 7. Let c be (17